{"id":50,"date":"2012-09-24T15:44:11","date_gmt":"2012-09-24T12:44:11","guid":{"rendered":"http:\/\/jolli.fi\/?page_id=50"},"modified":"2022-08-18T18:44:29","modified_gmt":"2022-08-18T15:44:29","slug":"etusivu","status":"publish","type":"page","link":"https:\/\/jolli.fi\/","title":{"rendered":"Uudet sivut ja verkkokauppa ovat ty\u00f6n alla. N\u00e4hd\u00e4\u00e4n pian uusissa merkeiss\u00e4! :)"},"content":{"rendered":"<p>Jolli on monipuolinen osaaja. Suoritan monenlaisia rakennusalan t\u00f6it\u00e4 ammattitaidolla. Kokemusta l\u00f6ytyy my\u00f6s pihat\u00f6ist\u00e4. Kiveykset, istutukset ja vaikkapa ruohonleikkuut onnistuvat.<\/p>\n<p>Tuottaako huonekalujen kokoaminen p\u00e4\u00e4nvaivaa? Minulla on runsaasti kokemusta siit\u00e4kin ja niin halutessanne tulen luoksenne kokoamaan huonekalunne ja auttamaan niiden sijoittelussa.<\/p>\n","protected":false},"excerpt":{"rendered":"<p>Jolli on monipuolinen osaaja. Suoritan monenlaisia rakennusalan t\u00f6it\u00e4 ammattitaidolla. Kokemusta l\u00f6ytyy my\u00f6s pihat\u00f6ist\u00e4. Kiveykset, istutukset ja vaikkapa ruohonleikkuut onnistuvat. Tuottaako huonekalujen kokoaminen p\u00e4\u00e4nvaivaa? Minulla on runsaasti kokemusta siit\u00e4kin ja niin halutessanne tulen luoksenne kokoamaan huonekalunne ja auttamaan niiden sijoittelussa.<\/p>\n","protected":false},"author":1,"featured_media":0,"parent":0,"menu_order":0,"comment_status":"closed","ping_status":"closed","template":"","meta":{"footnotes":""},"class_list":["post-50","page","type-page","status-publish","hentry"],"_links":{"self":[{"href":"https:\/\/jolli.fi\/index.php?rest_route=\/wp\/v2\/pages\/50","targetHints":{"allow":["GET"]}}],"collection":[{"href":"https:\/\/jolli.fi\/index.php?rest_route=\/wp\/v2\/pages"}],"about":[{"href":"https:\/\/jolli.fi\/index.php?rest_route=\/wp\/v2\/types\/page"}],"author":[{"embeddable":true,"href":"https:\/\/jolli.fi\/index.php?rest_route=\/wp\/v2\/users\/1"}],"replies":[{"embeddable":true,"href":"https:\/\/jolli.fi\/index.php?rest_route=%2Fwp%2Fv2%2Fcomments&post=50"}],"version-history":[{"count":7,"href":"https:\/\/jolli.fi\/index.php?rest_route=\/wp\/v2\/pages\/50\/revisions"}],"predecessor-version":[{"id":102,"href":"https:\/\/jolli.fi\/index.php?rest_route=\/wp\/v2\/pages\/50\/revisions\/102"}],"wp:attachment":[{"href":"https:\/\/jolli.fi\/index.php?rest_route=%2Fwp%2Fv2%2Fmedia&parent=50"}],"curies":[{"name":"wp","href":"https:\/\/api.w.org\/{rel}","templated":true}]}}