{"id":2,"date":"2012-04-10T15:07:38","date_gmt":"2012-04-10T12:07:38","guid":{"rendered":"http:\/\/jolli.fi\/?page_id=2"},"modified":"2012-04-11T10:38:54","modified_gmt":"2012-04-11T07:38:54","slug":"esimerkkisivu","status":"publish","type":"page","link":"https:\/\/jolli.fi\/?page_id=2","title":{"rendered":"Yritys"},"content":{"rendered":"<p><strong><em>JOlli<\/em><\/strong><\/p>\n<p>JOlli perustettiin huhtikuussa 2011. L\u00e4ht\u00f6kohtana on tehd\u00e4 hyv\u00e4\u00e4 ty\u00f6t\u00e4 mit\u00e4 ikin\u00e4 teenkin.<\/p>\n<p>&#8221;Niin hyv\u00e4\u00e4, ett\u00e4 voi omalla naamalla markkinoida&#8221;.<\/p>\n<p>Kotipaikkamme on Turku ja ty\u00f6llist\u00e4mme toistaiseksi tasan yhden ihmisen&#8230;<\/p>\n<p>&nbsp;<\/p>\n","protected":false},"excerpt":{"rendered":"<p>JOlli JOlli perustettiin huhtikuussa 2011. L\u00e4ht\u00f6kohtana on tehd\u00e4 hyv\u00e4\u00e4 ty\u00f6t\u00e4 mit\u00e4 ikin\u00e4 teenkin. &#8221;Niin hyv\u00e4\u00e4, ett\u00e4 voi omalla naamalla markkinoida&#8221;. Kotipaikkamme on Turku ja ty\u00f6llist\u00e4mme toistaiseksi tasan yhden ihmisen&#8230; &nbsp;<\/p>\n","protected":false},"author":1,"featured_media":0,"parent":0,"menu_order":0,"comment_status":"closed","ping_status":"closed","template":"","meta":{"footnotes":""},"class_list":["post-2","page","type-page","status-publish","hentry"],"_links":{"self":[{"href":"https:\/\/jolli.fi\/index.php?rest_route=\/wp\/v2\/pages\/2","targetHints":{"allow":["GET"]}}],"collection":[{"href":"https:\/\/jolli.fi\/index.php?rest_route=\/wp\/v2\/pages"}],"about":[{"href":"https:\/\/jolli.fi\/index.php?rest_route=\/wp\/v2\/types\/page"}],"author":[{"embeddable":true,"href":"https:\/\/jolli.fi\/index.php?rest_route=\/wp\/v2\/users\/1"}],"replies":[{"embeddable":true,"href":"https:\/\/jolli.fi\/index.php?rest_route=%2Fwp%2Fv2%2Fcomments&post=2"}],"version-history":[{"count":5,"href":"https:\/\/jolli.fi\/index.php?rest_route=\/wp\/v2\/pages\/2\/revisions"}],"predecessor-version":[{"id":19,"href":"https:\/\/jolli.fi\/index.php?rest_route=\/wp\/v2\/pages\/2\/revisions\/19"}],"wp:attachment":[{"href":"https:\/\/jolli.fi\/index.php?rest_route=%2Fwp%2Fv2%2Fmedia&parent=2"}],"curies":[{"name":"wp","href":"https:\/\/api.w.org\/{rel}","templated":true}]}}